{"id":349,"date":"2023-02-07T11:31:02","date_gmt":"2023-02-07T10:31:02","guid":{"rendered":"http:\/\/riba-ag.ch\/?page_id=349"},"modified":"2023-02-07T14:37:44","modified_gmt":"2023-02-07T13:37:44","slug":"wir-suchen-dich","status":"publish","type":"page","link":"https:\/\/riba-ag.ch\/index.php\/wir-suchen-dich\/","title":{"rendered":"Wir suchen Dich&#8230;"},"content":{"rendered":"<div class=\"wp-block-image\">\n<figure class=\"alignleft size-large is-resized\"><img loading=\"lazy\" decoding=\"async\" src=\"http:\/\/riba-ag.ch\/wp-content\/uploads\/2023\/02\/we-want-you-oase-flugschule-1024x576.jpg\" alt=\"\" class=\"wp-image-354\" width=\"320\" height=\"180\" srcset=\"https:\/\/riba-ag.ch\/wp-content\/uploads\/2023\/02\/we-want-you-oase-flugschule-1024x576.jpg 1024w, https:\/\/riba-ag.ch\/wp-content\/uploads\/2023\/02\/we-want-you-oase-flugschule-300x169.jpg 300w, https:\/\/riba-ag.ch\/wp-content\/uploads\/2023\/02\/we-want-you-oase-flugschule-768x432.jpg 768w, https:\/\/riba-ag.ch\/wp-content\/uploads\/2023\/02\/we-want-you-oase-flugschule.jpg 1200w\" sizes=\"auto, (max-width: 320px) 100vw, 320px\" \/><\/figure><\/div>\n\n\n<p>F\u00fcr unser Team suchen wir Automatiker mit Erfahrung im Steuerungsbau. Wir suchen Leute die mit Begeisterung und Leidenschaft unser Unternehmen unterst\u00fctzen und weiter bringen. <\/p>\n\n\n\n<p>Wir bieten Dir ein motiviertes, junges Team und eine breite Palette von Steuerungen, die Deinen Alltag besonders abwechslungsreich, wie auch anspruchsvoll gestallten. 0815 sind wir definitiv nicht. Wir beliefern die verschiedensten Branchen in der Maschinenindustrie, bauen Steuerungen f\u00fcr die Geb\u00e4udeautomation und sind auch bei Neuentwicklungen und Prototypen des \u00d6fteren die helfende Hand unserer Kunden.<\/p>\n\n\n\n<p>Ausserdem bieten wir die M\u00f6glichkeit bei Montagen vor Ort, auch  mal hinter die Kulissen zu schauen und die verschiedenen Einsatzorte der diversen Steuerungstypen zu sehen.<\/p>\n\n\n\n<p>Wie wir nicht 0815 sind, suchen wir auch keine 0815 Automatiker die gerne immer den selben Typ in einer Grossproduktion bauen. Wir brauchen junge und engagierte Leute die unsere Begeisterung f\u00fcr den Steuerungsbau teilen und mit uns den Karren reissen&#8230;<\/p>\n\n\n\n<p>F\u00fchlst Du dich angesprochen? Schreib uns, ruf uns an und komm vorbei&#8230;.<\/p>\n\n\n\n<p><strong><a href=\"mailto:m.banz@riba-ag.ch\">m.banz@riba-ag.ch<\/a> | <span class=\"has-inline-color has-black-color\">062 737 10 22<\/span><\/strong><\/p>\n\n\n\n<div class=\"wp-block-file\"><a id=\"wp-block-file--media-04a6bdc9-1adb-48a0-9f80-21d675785c88\" href=\"http:\/\/riba-ag.ch\/wp-content\/uploads\/2023\/02\/Inserat_Automatiker_20230207.pdf\">Offizielles Inserat Automatiker 2023<\/a><a href=\"http:\/\/riba-ag.ch\/wp-content\/uploads\/2023\/02\/Inserat_Automatiker_20230207.pdf\" class=\"wp-block-file__button wp-element-button\" download aria-describedby=\"wp-block-file--media-04a6bdc9-1adb-48a0-9f80-21d675785c88\"><\/a><\/div>\n\n\n\n<p><\/p>\n","protected":false},"excerpt":{"rendered":"<p>F\u00fcr unser Team suchen wir Automatiker mit Erfahrung im Steuerungsbau. Wir suchen Leute die mit Begeisterung und Leidenschaft unser Unternehmen unterst\u00fctzen und weiter bringen. Wir bieten Dir ein motiviertes, junges Team und eine breite Palette von Steuerungen, die Deinen Alltag besonders abwechslungsreich, wie auch anspruchsvoll gestallten. 0815 sind wir definitiv nicht. Wir beliefern die verschiedensten [&hellip;]<\/p>\n","protected":false},"author":1,"featured_media":0,"parent":0,"menu_order":0,"comment_status":"closed","ping_status":"closed","template":"","meta":{"footnotes":""},"class_list":["post-349","page","type-page","status-publish","hentry"],"_links":{"self":[{"href":"https:\/\/riba-ag.ch\/index.php\/wp-json\/wp\/v2\/pages\/349","targetHints":{"allow":["GET"]}}],"collection":[{"href":"https:\/\/riba-ag.ch\/index.php\/wp-json\/wp\/v2\/pages"}],"about":[{"href":"https:\/\/riba-ag.ch\/index.php\/wp-json\/wp\/v2\/types\/page"}],"author":[{"embeddable":true,"href":"https:\/\/riba-ag.ch\/index.php\/wp-json\/wp\/v2\/users\/1"}],"replies":[{"embeddable":true,"href":"https:\/\/riba-ag.ch\/index.php\/wp-json\/wp\/v2\/comments?post=349"}],"version-history":[{"count":3,"href":"https:\/\/riba-ag.ch\/index.php\/wp-json\/wp\/v2\/pages\/349\/revisions"}],"predecessor-version":[{"id":372,"href":"https:\/\/riba-ag.ch\/index.php\/wp-json\/wp\/v2\/pages\/349\/revisions\/372"}],"wp:attachment":[{"href":"https:\/\/riba-ag.ch\/index.php\/wp-json\/wp\/v2\/media?parent=349"}],"curies":[{"name":"wp","href":"https:\/\/api.w.org\/{rel}","templated":true}]}}