{"id":44,"date":"2016-06-22T17:59:02","date_gmt":"2016-06-22T15:59:02","guid":{"rendered":"http:\/\/ribaagch.cyon.link\/?page_id=44"},"modified":"2019-09-04T17:46:37","modified_gmt":"2019-09-04T15:46:37","slug":"geschichte","status":"publish","type":"page","link":"https:\/\/riba-ag.ch\/index.php\/geschichte\/","title":{"rendered":"Geschichte der Riba Elektro AG"},"content":{"rendered":"<p style=\"text-align: center;\"><strong>1989<\/strong><br \/>\nGr\u00fcndung durch Beatrice und Richard Banz<\/p>\n<hr \/>\n<p style=\"text-align: center;\"><strong>1990<\/strong><br \/>\nBezug R\u00e4umlichkeiten am Kirchweg 8 in Unterentfelden. Auf 600 m2 werden 15 Mitarbeiter besch\u00e4ftigt<\/p>\n<hr \/>\n<p style=\"text-align: center;\"><strong>\u00a01992<\/strong><br \/>\nErster Schaltanlagenmonteur wird ausgebildet<\/p>\n<hr \/>\n<p style=\"text-align: center;\"><strong>\u00a01993<\/strong><br \/>\nComputergesteuertes Markierungs &#8211; System CMS wird eingef\u00fchrt<\/p>\n<hr \/>\n<p style=\"text-align: center;\"><strong>\u00a01995<\/strong><br \/>\nErweiterung der Produktionsfl\u00e4che um 200 m2. 20 Mitarbeiter werden besch\u00e4ftigt<\/p>\n<hr \/>\n<p style=\"text-align: center;\"><strong>\u00a01997<\/strong><br \/>\nEinf\u00fchrung CAD &#8211; Software EPLAN<\/p>\n<hr \/>\n<p style=\"text-align: center;\"><strong>\u00a01999<\/strong><br \/>\nDie Riba Elektro AG feiert ihr 10 j\u00e4hriges Firmenjubil\u00e4um mit einer Schiffsreise mit der gesamten Belegschaft durchs Mittelmeer<\/p>\n<hr \/>\n<p style=\"text-align: center;\"><strong>\u00a02001<\/strong><br \/>\nB\u00fcro &#8211; und Produktionsfl\u00e4che wird auf 1500 m2 erweitert<\/p>\n<hr \/>\n<p style=\"text-align: center;\"><strong>\u00a02001<\/strong><br \/>\nDie erste eigene Webseite wird aufgebaut<\/p>\n<hr \/>\n<p style=\"text-align: center;\"><strong>\u00a02002<\/strong><br \/>\nAufnahme als Siemens Schaltschrank Partner<\/p>\n<hr \/>\n<p style=\"text-align: center;\"><strong>\u00a02005<\/strong><br \/>\nErweiterung der CAD Abteilung<\/p>\n<hr \/>\n<p style=\"text-align: center;\"><strong>\u00a02008<\/strong><br \/>\nBarcode optimierte Lagerf\u00fchrung<\/p>\n<hr \/>\n<p style=\"text-align: center;\"><strong>\u00a02008<\/strong><br \/>\nEinrichtung Schulungsr\u00e4umlichkeiten<\/p>\n<hr \/>\n<p style=\"text-align: center;\"><strong>\u00a02008<\/strong><br \/>\nEinf\u00fchrung neues Weidm\u00fcller Markierungssystem<\/p>\n<hr \/>\n<p style=\"text-align: center;\"><strong>\u00a02009<\/strong><br \/>\nErweiterung der Produktionsfl\u00e4che mit weiteren 200m2<\/p>\n<hr \/>\n<p style=\"text-align: center;\"><strong>\u00a02009<\/strong><br \/>\nEinf\u00fchrung neue ERP Software<\/p>\n<hr \/>\n<p style=\"text-align: center;\"><strong>\u00a02009<\/strong><br \/>\nDie Riba Elektro AG feiert ihr 20 j\u00e4hriges Firmenjubil\u00e4um und wird w\u00e4hrend 3 Tagen im Schlosshotel M\u00fcnchwiler verk\u00f6stigt und unterhalten<\/p>\n<hr \/>\n<p style=\"text-align: center;\"><strong>2010<\/strong><br \/>\nAufschalten der neuen Webseite<\/p>\n<hr \/>\n<p style=\"text-align: center;\"><strong>\u00a02012<\/strong><br \/>\nDie Riba Elektro AG wird ISO9001:2008 zertifiziert<\/p>\n<hr \/>\n<p style=\"text-align: center;\"><strong>2014<\/strong><br \/>\nUnsere Montagefahrzeuge werden um ein weiteres Fahrzeug erweitert<\/p>\n<hr \/>\n<p style=\"text-align: center;\"><strong>2014<\/strong><br \/>\nDie Montagefahrzeuge werden durch einen professionellen SORTIMO Ausbau optimiert<\/p>\n<hr \/>\n<p style=\"text-align: center;\"><strong>2015<\/strong><br \/>\nUnser ERP System bekommt ein Update auf Enterprise<\/p>\n<hr \/>\n<p style=\"text-align: center;\"><strong>2016<\/strong><br \/>\nDer Webauftritt der Riba Elektro AG wird neu gestaltet<\/p>\n<hr \/>\n<p style=\"text-align: center;\"><strong>2018<\/strong><br \/>\nEin neues und effizienteres Beschriftungssystem f\u00fcr den Druck von Klemmenmarkierer, diversen Schildtypen wird eingef\u00fchrt<\/p>\n<hr \/>\n<p style=\"text-align: center;\"><strong>2019<\/strong><\/p>\n<p style=\"text-align: center;\">Die Riba Elektro AG feiert Ihr 30. J\u00e4hriges Jubil\u00e4um und l\u00e4dt die gesamte Belegschaft f\u00fcr 3 Tage in einen kurzweiligen Ferienaufenthalt im Europa Park in Rust ein.<\/p>\n","protected":false},"excerpt":{"rendered":"<p>1989 Gr\u00fcndung durch Beatrice und Richard Banz 1990 Bezug R\u00e4umlichkeiten am Kirchweg 8 in Unterentfelden. Auf 600 m2 werden 15 Mitarbeiter besch\u00e4ftigt \u00a01992 Erster Schaltanlagenmonteur wird ausgebildet \u00a01993 Computergesteuertes Markierungs &#8211; System CMS wird eingef\u00fchrt \u00a01995 Erweiterung der Produktionsfl\u00e4che um 200 m2. 20 Mitarbeiter werden besch\u00e4ftigt \u00a01997 Einf\u00fchrung CAD &#8211; Software EPLAN \u00a01999 Die Riba [&hellip;]<\/p>\n","protected":false},"author":1,"featured_media":0,"parent":0,"menu_order":0,"comment_status":"closed","ping_status":"closed","template":"template-full-width.php","meta":{"footnotes":""},"class_list":["post-44","page","type-page","status-publish","hentry"],"_links":{"self":[{"href":"https:\/\/riba-ag.ch\/index.php\/wp-json\/wp\/v2\/pages\/44","targetHints":{"allow":["GET"]}}],"collection":[{"href":"https:\/\/riba-ag.ch\/index.php\/wp-json\/wp\/v2\/pages"}],"about":[{"href":"https:\/\/riba-ag.ch\/index.php\/wp-json\/wp\/v2\/types\/page"}],"author":[{"embeddable":true,"href":"https:\/\/riba-ag.ch\/index.php\/wp-json\/wp\/v2\/users\/1"}],"replies":[{"embeddable":true,"href":"https:\/\/riba-ag.ch\/index.php\/wp-json\/wp\/v2\/comments?post=44"}],"version-history":[{"count":12,"href":"https:\/\/riba-ag.ch\/index.php\/wp-json\/wp\/v2\/pages\/44\/revisions"}],"predecessor-version":[{"id":335,"href":"https:\/\/riba-ag.ch\/index.php\/wp-json\/wp\/v2\/pages\/44\/revisions\/335"}],"wp:attachment":[{"href":"https:\/\/riba-ag.ch\/index.php\/wp-json\/wp\/v2\/media?parent=44"}],"curies":[{"name":"wp","href":"https:\/\/api.w.org\/{rel}","templated":true}]}}